25. Let w(z) = 75*z**3 - z**2 - z + 1. Let h = 196 + -195. Calculate the remainder when w(h) is divided by i(0).
24
Let h(u) = -8*u - 29. Suppose -135 = 36*x - 9*x. Suppose -2*l + l + 15 = 0. Calculate the remainder when l is divided by h(x).
4
Let h(r) = r**3 - 4*r**2 + r - 4. Let s be h(4). Let g(o) = o**2 + 3*o + 19. What is the remainder when 3*20/(-24)*-30 is divided by g(s)?
18
Let i be 4/10 + 48/30. Suppose b + 509 = 6*b + s, i*b + 4*s = 218. Suppose u = -4*p + 45, -p + 53 - 78 = -u. Calculate the remainder when b is divided by u.
14
Let b be (-45)/(-10)*(-24)/9. Let r be (-12)/(-3) - (b - 6). Suppose -5*x + 2*x + 3*j + 9 = 0, 0 = 4*x + j - r. Calculate the remainder when 34 is divided by x.
4
Suppose -x + 4*k = -15, 4*x - 64 - 13 = -k. Suppose x*p - 16*p - 504 = 0. Let n = p - 99. Calculate the remainder when n is divided by 12.
9
Calculate the remainder when 475 is divided by (11 - -2*(-1190)/60)*(-4 - -1).
45
Suppose 0 = 3*r + 8 - 11, -2*x + 5*r + 7 = 0. What is the remainder when x is divided by (-1)/(-1)*(17 + -11)?
0
Let u = -14641 - -14686. Calculate the remainder when 361 is divided by u.
1
Suppose -19*v = 36*v - 26180. What is the remainder when v is divided by 22?
14
Let j = -3170 + 3641. Calculate the remainder when j is divided by 67.
2
Let p = 184 - 106. Let v = -44 + p. What is the remainder when 64 is divided by v?
30
Suppose 0 = -4*l - 4*j + 1828, -10*l = -13*l - 2*j + 1379. Calculate the remainder when l is divided by 465.
0
Let k(j) = -5*j + 50. Suppose 6*l - 3297 = -975. What is the remainder when (10/15)/(780/l - 2) is divided by k(7)?
13
Let h = 436 - 844. Let f = h - -438. What is the remainder when 113 is divided by f?
23
Let c(i) = -i**3 + i**2 + i - 2. Let t be c(-2). Suppose -t*o - 388 = -10*o. Suppose 3*f - o = -35. What is the remainder when f is divided by 27?
26
Let o = 1685 + -1202. What is the remainder when o is divided by 154?
21
Suppose -2*g + 2162 = -43*b + 44*b, g - 1081 = 4*b. Calculate the remainder when g is divided by 19.
17
What is the remainder when 573 is divided by (-40)/((-40600)/195837) + 2/35?
187
Let a = 4699 - 4688. What is the remainder when 31 is divided by a?
9
Let x(q) = -31*q**3 - 2*q**2 + 50*q + 52. Suppose l + 4*l - 25 = 0. Suppose -l*f + 619 = -3*p, -4 - 8 = 4*p. Calculate the remainder when f is divided by x(-1).
29
Let g(t) = t**2 + 11*t - 15. Let a = 22 - -34. Calculate the remainder when a is divided by g(4).
11
Let s = -340 + 344. Suppose 7*v - s*v = -5*w + 135, -5*w = v - 145. Calculate the remainder when w is divided by 9.
3
Suppose -267 - 3 = -5*v. Let i = -48 + v. Calculate the remainder when 21 is divided by i.
3
What is the remainder when 154 is divided by (31 + -16)/(-5) - -45?
28
Let c(q) = -21*q + 221. Let d = -301 + 310. What is the remainder when 125 is divided by c(d)?
29
Let f(s) = -19*s + 30. Let i = -298 + 329. What is the remainder when f(-6) is divided by i?
20
What is the remainder when 2/(-9) + (-644)/(-63) is divided by (-23)/(-161) + (-13)/(-7)?
0
Suppose 71*j - 9239 = 6665. Calculate the remainder when j is divided by 125.
99
Calculate the remainder when ((-2 - 39/9) + 2)/(154/(-16632)) is divided by 118.
114
Suppose 0 = 25*y - 29*y + 116. Suppose -5*t + 482 = -363. What is the remainder when t is divided by y?
24
Let y(a) = 113*a - 52. What is the remainder when y(2) is divided by 9?
3
Suppose 3*c + 660 = -3*k, 6*k = -c + k - 224. Let b = 267 + c. What is the remainder when b is divided by 13?
9
Suppose 5*i - 1424 = -2*x, 3*x - 9*i = -11*i + 2169. Calculate the remainder when x is divided by 147.
139
Calculate the remainder when 332 is divided by 12/48*-68 + 45.
24
Suppose 3*z = 0, -2*z = 4*k - 106 + 10. Let j be 267/1 + 11 + -10. Suppose -195 = -j*a + 255*a. What is the remainder when k is divided by a?
9
Suppose -3*x + 378 = 11*x. What is the remainder when (244/(-5))/(14/(-35)) is divided by 2 + 615/x - (-2)/9?
22
What is the remainder when 515 is divided by 24080/(-448)*2/10*-8?
85
Suppose 8 = -2*z + 6*z. Let n(o) = -7*o**3 + 4*o**z - 6 + 9 + o + 1 - 1. What is the remainder when n(-2) is divided by 25?
23
Let s(f) = -7*f**2 + 4*f**2 + f - 18*f**2 - 12*f**2 + 175 - 199 + f**3. Calculate the remainder when s(33) is divided by (1 - (3 - -1))*-1.
0
Suppose 2*m + 490 - 8676 = -3*k, 3*k - 8178 = -3*m. Calculate the remainder when k is divided by 144.
142
Let z = -142 - -152. Let f(q) = q**3 - 10*q**2 + 10*q + 10. Let j be f(9). Suppose 4*m - 207 + j = 0. Calculate the remainder when m is divided by z.
7
Suppose 0 = -40*c + 96*c - 43904. What is the remainder when c is divided by 149?
39
Let m = -32321 - -32337. Suppose 7*d = 4*d + 135. What is the remainder when d is divided by m?
13
Let n(o) = 46*o - 702. Calculate the remainder when 307 is divided by n(16).
1
Suppose -2*o + 5*c = -8, 15*o = 18*o - 2*c - 12. Suppose -u + o*u + t - 749 = 0, -4*u - 2*t + 998 = 0. Calculate the remainder when u is divided by 36.
34
Calculate the remainder when (-92 + -192)*(-10)/((-2)/8*-4) is divided by 29.
27
Calculate the remainder when 549 is divided by (-2 + 1 + -2)*(-768)/288.
5
Let b = 2041 - 1993. Calculate the remainder when 281 is divided by b.
41
Let m = 26487 - 26452. What is the remainder when 3892 is divided by m?
7
What is the remainder when 13/((-130)/(-50))*274/10 is divided by 5 - 1/(-2)*46?
25
Suppose -4*w - 3*q + 2444 = 0, 2465 - 632 = 3*w + 3*q. Calculate the remainder when w is divided by 68.
67
Calculate the remainder when (66/(-44)*(-37938)/(-9) + -6)/(-1) is divided by 16.
9
Let f be 25 - -1*(-2 - -1). Let v = f + -15. Suppose -26*y = -57*y + 26*y + 175. Calculate the remainder when y is divided by v.
8
Suppose -21 + 1 = 5*t, -4*j = -t - 536. Calculate the remainder when 418 is divided by j.
19
Let a = 40 - 24. Suppose -30*d - 9720 = -90*d. Suppose -44*b + d = -17*b. What is the remainder when a is divided by b?
4
Let k = 234 - 136. Suppose 0 = 5*s - 68 - 57. What is the remainder when k is divided by s?
23
Suppose -11*h = -90*h + 32627. Calculate the remainder when h is divided by 111.
80
Let f(m) = -40 + 16*m + 2*m**2 + 23*m + 16*m - 44*m. Calculate the remainder when f(6) is divided by 21.
14
Suppose 0 = -5*a + 3*g + 9, -3*g - 3 = -3*a - 0. Suppose -254 = -5*y + 4*c, a*y + 4*c - 145 = -c. What is the remainder when y is divided by 18?
14
Let h(n) = -2770*n - 2699. Calculate the remainder when 2527 is divided by h(-1).
42
Let m be (3*5/(-15))/1. Let d(o) = 41*o**2 - o. Suppose 7*p - 2*p - 120 = 0. What is the remainder when d(m) is divided by p?
18
Suppose 5*v - 65 = -10. Suppose -3*p - 211 = -253. What is the remainder when 7/(49/p) - 196/(-4) is divided by v?
7
Let y(b) = -117*b + 48. Let f(p) = -29*p + 12. Let v(o) = -26*f(o) + 6*y(o). Calculate the remainder when v(4) is divided by 17.
14
Suppose -3*f + 37 - 4 = -3*o, -53 = 5*o - 4*f. Let n be -36*(2/(-3) - o/(-27)). Calculate the remainder when 198/15*(-2 + n/8) is divided by 7.
5
Let o = -38 - -30. Let u be (-4)/(-1) - (-19 + o). Suppose 0*q - q - u = -2*k, 0 = k - 3*q - 28. What is the remainder when 35 is divided by k?
9
Let v(a) = 5*a + 164. Let d be v(-32). Suppose -2*h - 4*t - 308 = -6*h, 3*h = -d*t + 245. What is the remainder when h is divided by 34?
11
Suppose -5*j + 14*j - 18 = 0. Suppose 0*o + j*o = -72. Let v = 41 + o. What is the remainder when 13 is divided by v?
3
Let m(z) = -z**3 - 8*z**2 + 20*z + 45. Calculate the remainder when m(-11) is divided by 24.
20
Let m = 8 - 39. Let o(v) = 8*v + 7. Let t be o(4). Let g = m + t. What is the remainder when 26 is divided by g?
2
Let i(w) be the second derivative of 11*w**5/20 + w**4/6 - 2*w**3/3 + 3*w**2/2 - 37*w. Let p = -7 - -14. Calculate the remainder when i(1) is divided by p.
5
Let n be 16/28*(-42)/(-4). Suppose 49 = 3*l + l + x, l - x - n = 0. Suppose 4 - 9 = -y. Calculate the remainder when l is divided by y.
1
Let c(z) be the second derivative of z**5/20 - 19*z**4/12 + z**3/3 - 15*z**2/2 - 37*z. What is the remainder when 42 is divided by c(19)?
19
Suppose 3*g = i - 12, -5*i - 9 + 35 = 2*g. Suppose -3*j + j - 87 = 3*v, -2*v - 3*j = 63. Let o = 60 + v. What is the remainder when o is divided by i?
3
Let z(k) = 5*k**2 + 7*k + 90. Let p be z(-8). Suppose -12*c + p = -5934. Calculate the remainder when c is divided by 88.
8